{"id":483,"date":"2020-05-13T05:15:24","date_gmt":"2020-05-13T05:15:24","guid":{"rendered":"http:\/\/4elemente.ch\/?page_id=483"},"modified":"2022-03-28T11:59:54","modified_gmt":"2022-03-28T11:59:54","slug":"mahnwache","status":"publish","type":"page","link":"https:\/\/4elemente.ch\/?page_id=483","title":{"rendered":"CORONA"},"content":{"rendered":"\n<p>Die Spatzen pfeiffen es schon von den D\u00e4chern: Es gibt eine Substanz, die mittlererweile schon Millionen von Menschen von Infektionskrankheiten befreit hat. Sie heisst Chlordioxid. Diese Substanz ist schon seit 200 Jahren bekannt. Seit etwa 80 Jahren wird sie zur Lebensmittel-Desinfektion benutzt. Darum ist sie bestens erforscht. Vor mehr als 25 Jahren hat jemand entdeckt, dass man sie auch im eigenen K\u00f6rper verwenden kann. <br>Nun ist es so, dass man sich ein wenig hinein knien muss in die Materie, wenn man Chlordioxid selber benutzen will. Wenn Sie, liebe Leserin, lieber Leser das m\u00f6chten, dann empfehle ich Ihnen, da rechts nebendran auf &#8222;Chlordioxid&#8220; zu klicken. Aber es gab bis vor kurzem auch die M\u00f6glichkeit, Chlordioxid in Tablettenform einzunehmen.  Nun haben verschiedene Beamte und Beamtinnen dieser Tablette den Krieg erkl\u00e4rt. Klar, es geht auch hier um Pharma-Milliarden. Und die Pharma hat ja auch jede Menge Geld zur Verf\u00fcgung, diesen Kampf zu lobbyieren. Aber dass unsere Beh\u00f6rden sich f\u00fcr so etwas hergeben ist schon bedenklich.  <br>Auch ich habe vom eidgen\u00f6ssischen Medi-Kriminalamt  &#8211;  medicrime@swissmedic.ch  &#8211;  einen 7-seitigen, eingeschriebenen Brief bekommen, wegen dieser Corona-Seite hier.  Die Auseinandersetzung ist in meinem Augen mehr als nur seltsam. <br>Warten wir&#8217;s mal ab.<br><br><\/p>\n","protected":false},"excerpt":{"rendered":"<p>Die Spatzen pfeiffen es schon von den D\u00e4chern: Es gibt eine Substanz, die mittlererweile schon Millionen von Menschen von Infektionskrankheiten befreit hat. Sie heisst Chlordioxid. Diese Substanz ist schon seit 200 Jahren bekannt. Seit etwa 80 Jahren wird sie zur Lebensmittel-Desinfektion benutzt. Darum ist sie bestens erforscht. Vor mehr als 25 Jahren hat jemand entdeckt, [&hellip;]<\/p>\n","protected":false},"author":1,"featured_media":0,"parent":0,"menu_order":2,"comment_status":"closed","ping_status":"closed","template":"","meta":{"footnotes":""},"class_list":["post-483","page","type-page","status-publish","hentry"],"_links":{"self":[{"href":"https:\/\/4elemente.ch\/index.php?rest_route=\/wp\/v2\/pages\/483","targetHints":{"allow":["GET"]}}],"collection":[{"href":"https:\/\/4elemente.ch\/index.php?rest_route=\/wp\/v2\/pages"}],"about":[{"href":"https:\/\/4elemente.ch\/index.php?rest_route=\/wp\/v2\/types\/page"}],"author":[{"embeddable":true,"href":"https:\/\/4elemente.ch\/index.php?rest_route=\/wp\/v2\/users\/1"}],"replies":[{"embeddable":true,"href":"https:\/\/4elemente.ch\/index.php?rest_route=%2Fwp%2Fv2%2Fcomments&post=483"}],"version-history":[{"count":13,"href":"https:\/\/4elemente.ch\/index.php?rest_route=\/wp\/v2\/pages\/483\/revisions"}],"predecessor-version":[{"id":640,"href":"https:\/\/4elemente.ch\/index.php?rest_route=\/wp\/v2\/pages\/483\/revisions\/640"}],"wp:attachment":[{"href":"https:\/\/4elemente.ch\/index.php?rest_route=%2Fwp%2Fv2%2Fmedia&parent=483"}],"curies":[{"name":"wp","href":"https:\/\/api.w.org\/{rel}","templated":true}]}}