{"id":8,"date":"2017-02-04T05:50:40","date_gmt":"2017-02-04T05:50:40","guid":{"rendered":"http:\/\/4elemente.ch\/?page_id=8"},"modified":"2020-05-13T05:35:31","modified_gmt":"2020-05-13T05:35:31","slug":"wasser","status":"publish","type":"page","link":"https:\/\/4elemente.ch\/?page_id=8","title":{"rendered":"Wasser"},"content":{"rendered":"<p>Symbolbedeutung von Wasser<\/p>\n<p>Element Wasser<br \/>\nWasser muss nach unten fliessen bis zum Meer, bis es tiefer ist als die Erde, das Land.<br \/>\nWasser lebt unter der manifesten Erde.<br \/>\nIn der Landschaft: Wenn Wasser eine Bleibe hat, dann immer zu unterst. Sonst hat es keine Bleibe, es muss fliessen.<br \/>\nWasser selbst hat keine Struktur, aber es erzeugt Struktur, es formt.<br \/>\nWasser gibt der Erde ihre Form<br \/>\nWasser ist weich, das Weiche formt das Harte.<br \/>\nWasser versickert, macht Erde weich. Tr\u00e4nen sind Wasser.<br \/>\nWasser, wenn es still steht, wird zum Spiegel.<br \/>\nWasser kann sich selbst nicht bremsen<br \/>\nWasser fliesst nach unten, wird von Erde gebremst, behindert, kanalisiert<br \/>\nWasser ist Gef\u00fchl, Liebe, Liebe vermehrt sich, wenn wir sie verschenken.<br \/>\nWarum ich ins Wasser schaue<br \/>\nEinen Weisen im alten China fragten einmal seine Sch\u00fcler: \u201cDu stehst nun schon so lange vor dem Fluss und schaust ins Wasser. Was siehst du denn da?\u201d Der Weise gab keine Antwort. Er wandte den Blick nicht von dem unabl\u00e4ssig str\u00f6menden Wasser. Endlich sprach er: Das Wasser lehrt uns, wie wir leben sollen: Wohin es fliesst bringt es Leben und teilt sich aus an alle, die seiner bed\u00fcrfen. Es ist freigiebig. Die Unebenheiten des Gel\u00e4ndes versucht es auszugleichen. Es ist gerecht. Ohne zu z\u00f6gern in seinem Lauf st\u00fcrzt es sich \u00fcber Steilw\u00e4nde in die Tiefe. Es ist mutig. Seine Oberfl\u00e4che ist glatt und ebenm\u00e4ssig, aber es kann verborgene Tiefen bilden. Es ist weise. Felsen, die ihm im Lauf entgegenstehen umfliesst es. Es ist vertr\u00e4glich. Aber seine Kraft ist Tag und Nacht am Werk. Es ist ausdauernd. Wieviele Windungen es auch nehmen muss, niemals verliert es die Richtung zu seinem ewigen Ziel, dem Meer, aus dem Auge. Es ist zielbewusst. Und so oft es auch verunreinigt wird, bem\u00fcht es doch unabl\u00e4ssig, wieder rein zu werden. Es hat die Kraft, sich immer wieder zu erneuern.<\/p>\n","protected":false},"excerpt":{"rendered":"<p>Symbolbedeutung von Wasser Element Wasser Wasser muss nach unten fliessen bis zum Meer, bis es tiefer ist als die Erde, das Land. Wasser lebt unter der manifesten Erde. In der Landschaft: Wenn Wasser eine Bleibe hat, dann immer zu unterst. Sonst hat es keine Bleibe, es muss fliessen. Wasser selbst hat keine Struktur, aber es [&hellip;]<\/p>\n","protected":false},"author":1,"featured_media":0,"parent":0,"menu_order":13,"comment_status":"closed","ping_status":"closed","template":"","meta":{"footnotes":""},"class_list":["post-8","page","type-page","status-publish","hentry"],"_links":{"self":[{"href":"https:\/\/4elemente.ch\/index.php?rest_route=\/wp\/v2\/pages\/8","targetHints":{"allow":["GET"]}}],"collection":[{"href":"https:\/\/4elemente.ch\/index.php?rest_route=\/wp\/v2\/pages"}],"about":[{"href":"https:\/\/4elemente.ch\/index.php?rest_route=\/wp\/v2\/types\/page"}],"author":[{"embeddable":true,"href":"https:\/\/4elemente.ch\/index.php?rest_route=\/wp\/v2\/users\/1"}],"replies":[{"embeddable":true,"href":"https:\/\/4elemente.ch\/index.php?rest_route=%2Fwp%2Fv2%2Fcomments&post=8"}],"version-history":[{"count":2,"href":"https:\/\/4elemente.ch\/index.php?rest_route=\/wp\/v2\/pages\/8\/revisions"}],"predecessor-version":[{"id":61,"href":"https:\/\/4elemente.ch\/index.php?rest_route=\/wp\/v2\/pages\/8\/revisions\/61"}],"wp:attachment":[{"href":"https:\/\/4elemente.ch\/index.php?rest_route=%2Fwp%2Fv2%2Fmedia&parent=8"}],"curies":[{"name":"wp","href":"https:\/\/api.w.org\/{rel}","templated":true}]}}